alculate the remainder when l is divided by 6.
5
Calculate the remainder when (-1)/4 + 378/8 is divided by (-12)/(1*(-12)/16).
15
Suppose -2*m + 32 = -0*q + 3*q, 4*m = 16. Calculate the remainder when (-8)/(-4)*(10 + 1) is divided by q.
6
Let p = -17 - -21. Let q = 15 - p. Calculate the remainder when q is divided by 3.
2
Let z(o) = -6*o + 1. Let h be (1 + -1 - -2) + 2. Suppose -4*m - h*q - 18 - 6 = 0, q + 4 = 0. Calculate the remainder when 24 is divided by z(m).
11
What is the remainder when 99 is divided by 51/4*24/9?
31
Let i = 28 + -12. Calculate the remainder when 45 is divided by i.
13
Let d(l) = l**3 - 7*l**2 + 7*l + 1. Let v(k) = -k + 9. Let a be v(7). Suppose 0*s + 40 = a*s. Calculate the remainder when s is divided by d(6).
6
Let k be -66*(20/12 - 2). What is the remainder when (-10)/(-55) - (-414)/k is divided by 11?
8
Let b be (3/(-9) - -1)*-3. Let r(a) = -a**3 - 3*a**2 - a + 2. Let p be r(b). Suppose 45 = 3*l - p. What is the remainder when 29 is divided by l?
14
Let r = -34 + 54. Suppose -4*d + 174 = -x - 6, 5*x - r = 0. What is the remainder when d is divided by 16?
14
Let q(m) = -m**3 - 5*m**2 + 6*m + 5. Let a be q(-6). Let v = 2 + a. Calculate the remainder when 12 is divided by v.
5
Suppose 4*o - 534 = o. What is the remainder when o is divided by 10?
8
Let c be (-16)/6*18/(-12). Let q(s) = -2*s + c*s**2 - s**2 + 5*s - s**2. What is the remainder when 26 is divided by q(-3)?
8
Let c = 9 + -9. Suppose 3*h - 56 - 37 = c. What is the remainder when h is divided by 16?
15
Suppose 5 = -2*z + 1. Let k be 6/(-9) - z/3. Suppose k = -2*n + 11 + 11. What is the remainder when n is divided by 4?
3
What is the remainder when 488/6 - 4/(-6) is divided by 28?
26
What is the remainder when 68 is divided by (14 + 0 + 0)*1?
12
Suppose 5*x + b - 203 = -37, 3*x - b = 106. Suppose -4*w - 14 = -l - 0*l, -5*l + 2*w = -x. Let n = 24 - 13. What is the remainder when n is divided by l?
5
Let z(l) = -3*l - 1. Let c be z(-1). Suppose -3*u = c*s - 23, 0 = -3*s + 4*u - u + 42. What is the remainder when s is divided by 7?
6
Let r be (-21)/(-1 - (-7)/10). Suppose -d = 4*d - r. What is the remainder when 52 is divided by d?
10
Let k = -8 + 7. What is the remainder when 1 + 32 + (-3 - k) is divided by 11?
9
Let c = 20 - 6. Let h = c + 3. What is the remainder when ((-75)/3)/(2/(-4)) is divided by h?
16
Let k(f) = -f**3 + f - 1. Let v be k(2). What is the remainder when 37 is divided by 17/1 + v + 9?
18
What is the remainder when 32 is divided by 44/(-12)*(-1 - (2 + 0))?
10
Calculate the remainder when 42 - (-5)/((-15)/(-12)) is divided by 16.
14
Let o = -23 - -30. What is the remainder when (-32)/(-6)*(-9)/(-4) is divided by o?
5
Let u be (-4)/(-6) - (-37)/3. Suppose 4*w - 7 - u = 0. Suppose w*b - 36 = 29. What is the remainder when b is divided by 7?
6
Let m = 9 - 3. Suppose 0 = n - m - 5. What is the remainder when ((-31)/3)/((-2)/6) is divided by n?
9
Let n = 47 + -20. Suppose -n + 7 = -2*c. What is the remainder when 28 is divided by c?
8
Suppose k - 11 - 33 = 0. Let u = -4 + 2. What is the remainder when k is divided by (-1 - u)*(17 + -2)?
14
Let z(r) = -r**2 + 4*r + 11. Let u be z(5). Suppose -j + u*j - 10 = 0. Calculate the remainder when 6 is divided by j.
0
Suppose -18 - 49 = -z. Calculate the remainder when z is divided by 23.
21
Let k = -33 + 67. What is the remainder when 201 is divided by k?
31
Let w(j) = -j - 1 + 28*j**3 + 0 + 2*j. Let v(n) = n + 28. Let k be v(-27). Calculate the remainder when 82 is divided by w(k).
26
Let j be (-1)/(2/(-6)) - -24. Suppose j = u + 9. What is the remainder when 70 is divided by u?
16
Let u = -57 - -74. Calculate the remainder when 82 is divided by u.
14
Let u(i) = 6*i**3 - i**2 + 2. What is the remainder when 24 is divided by u(1)?
3
Let t(s) = -s**2 - 17*s + 7. Calculate the remainder when t(-10) is divided by 13.
12
Let a be ((-3 + 2)/(-1))/1. Let x be a*((-1 - -6) + 0). Let j = 4 + x. What is the remainder when 16 is divided by j?
7
Suppose 0 = -4*q + l + 33 - 10, -3*l = -4*q + 21. Calculate the remainder when q is divided by 3.
0
Suppose -6*u - 7*u = -91. Suppose -2*o + 4 = -6. Suppose o*i = 17 - 2. What is the remainder when u is divided by i?
1
Let y(l) = -l**2 - 9*l - 4. Let p be y(-8). Suppose 0 = -2*s - p*n + 50, 3*s + n - 61 = 2*n. Let q = 6 - -6. Calculate the remainder when s is divided by q.
9
Suppose 174 + 27 = 5*f - m, -2*f - 5*m + 75 = 0. Calculate the remainder when 277 is divided by f.
37
Let d = 394 + -360. Let g(t) = 4*t + 1. Calculate the remainder when d is divided by g(2).
7
Let c = 2 - 18. Let l = 39 + c. Calculate the remainder when l is divided by 12.
11
Suppose -2*u + 3*i = u, -4*u + 5*i = 0. Let w = -6 + 8. Let j = w - u. What is the remainder when 3 is divided by j?
1
Suppose 20*o - 240 = 12*o. Calculate the remainder when 55 is divided by o.
25
Let d = 59 - 24. What is the remainder when d is divided by 12?
11
Suppose 2 = -2*p + 28. Let m(o) = -o**3 + 5*o**2 + 3*o - 7. Suppose -3*w - 5 = -4*w. Calculate the remainder when p is divided by m(w).
5
Let u(x) = -2*x - 10. Let z be u(-7). Suppose 5*l = z + 6. What is the remainder when l + (23 - (1 - 1)) is divided by 9?
7
Suppose 4*z = 10 + 38. Let j be (-148)/z + 1/3. What is the remainder when 42/(-4)*40/j is divided by 12?
11
Let p(b) = -2*b - 1. Let r be p(-2). Suppose 0 = r*j - 3, 0*h + j - 40 = -3*h. Suppose 4*d + 14 = 110. What is the remainder when d is divided by h?
11
Let z(c) = c**3 - c**2 + 3*c - 3. Let o be z(2). Let l(j) = j**2 - 2*j - 13. What is the remainder when l(o) is divided by 12?
10
Let r = 6 + -2. Suppose r*j - 3*c = -13, 7 = -4*j + c - 8. Let l = j - -13. What is the remainder when 17 is divided by l?
8
Let p(w) = -5*w - 1. Let f be p(-3). Suppose -16 = -2*c + f. What is the remainder when c is divided by 4?
3
Let c(p) = 5*p**2 - 2*p + 1. Let z(k) = 2*k - 7. Calculate the remainder when c(-2) is divided by z(8).
7
Suppose -2*d - 8 + 48 = 0. Suppose 2*o - 3*o - 3*c - 13 = 0, -5*o - 2*c - 65 = 0. Let h = o + 72. What is the remainder when h is divided by d?
19
Suppose 6 = -2*r - 2*y, -5*r + 2*y + 20 = -0*r. Let a(n) = -3 + 0*n + r*n + 1 + n**3. What is the remainder when a(2) is divided by 4?
2
Let r(w) = 6*w + 13. Let s be r(-10). Let u = s + 79. What is the remainder when 3/(u/(-35) + 1) is divided by 12?
11
Let g = 50 + -1. Let y = 45 + -32. What is the remainder when g is divided by y?
10
Suppose -2*b = -3*f + 221, 3*f - f + 2*b = 134. Calculate the remainder when f is divided by (2 - (1 + -2)) + 15.
17
Let t be (-10)/(-3) + 1/(-3). Suppose t*w = -5 - 7, -4*w = 2*o - 84. Let h = -34 + o. Calculate the remainder when 30 is divided by h.
14
Let q be -4 - 6*-1 - -1. Suppose 2*m - 62 = q*j, -2*m - 3*j = -6*m + 118. What is the remainder when m is divided by 10?
8
Suppose 0 = l - 62 + 17. What is the remainder when l is divided by 23?
22
Let x = 79 + -41. What is the remainder when 150 is divided by x?
36
Suppose 21 = -4*c + 105. Calculate the remainder when c is divided by 13.
8
Let m be 2*-1*(-4 - -2). Suppose 6*s = m*s + 66. What is the remainder when s is divided by 12?
9
Suppose 0 = -10*f + 14*f - 464. Suppose l + f = 5*l. Calculate the remainder when l is divided by 10.
9
Let q = -2 + 4. Suppose -6 = -4*h + q. Calculate the remainder when 2 is divided by h.
0
Suppose -5*f + 149 + 296 = 0. Suppose 0 = 5*a - 2*c - f, 6*a - 2*a = 3*c + 74. What is the remainder when a is divided by 88/14 - 4/14?
5
Let n(t) = 22*t**3 - 2*t**2 + 2. Calculate the remainder when n(1) is divided by 13.
9
Suppose -m - x + 17 = 3*m, 3*m = -5*x. Let t = m + -8. What is the remainder when 14 is divided by (-5)/t*(-5 - -8)?
4
Calculate the remainder when 35 is divided by (8 + -2)/(42/70).
5
Suppose 1 = 5*a - 4. Let g be (-1)/2 - a/2. Let w = 14 - g. What is the remainder when w is divided by 8?
7
Let w(q) = -6*q + q + 1 - 5*q. Suppose -6 = 8*u - 6*u. Calculate the remainder when w(u) is divided by 16.
15
Suppose 4*k - 50 - 6 = 0. Let x be 84/39 + (-4)/26. Suppose x = -5*t + 42. Calculate the remainder when k is divided by t.
6
Suppose 18*o + 277 - 835 = 0. What is the remainder when o is divided by 1 + 30/((-2)/(-1))?
15
Suppose -12 = -6*a + 3*a. Let x = 0 + a. Let w(j) = 16*j - 6. Calculate the remainder when w(x) is divided by 2